= -h**3 - 4*h**2 - 2*h - 4. Let x be o(-3). Let w = x + 13. What is the units digit of 1/(3/w - 0)?
2
Let h be -10*(-3 - 36/(-15)). What is the units digit of 1/(3/h) + 8?
0
Suppose -2*m + m + 38 = 0. What is the units digit of m?
8
Let s = 336 - 162. What is the hundreds digit of s?
1
Let b(w) = 2*w + 5. Let y be b(-7). Let i = 19 + y. What is the tens digit of i?
1
Let f = 12 - 8. Suppose -2*k + 3*c - 28 = -f, 2*c - 32 = 4*k. What is the units digit of (-2 - 9/k)*-10?
5
Suppose 5*n = 2*n - 4*f + 119, 2*n + f = 76. What is the units digit of n?
7
Let s(u) = -u**3 - 6*u**2 + 15*u - 6. Let n be s(-8). Suppose 0*q + 139 = 3*g - q, 5*g = n*q + 232. What is the units digit of g?
6
Let z(k) = -k**2 - 12*k - 9. Let l be z(-11). Suppose 48 = -l*q + 6*q. What is the units digit of 40/q*12/10?
4
Suppose 25 = h - 6*h. Let r be (-41)/(-4) - 3/12. Let o = h + r. What is the units digit of o?
5
Suppose -2*l + 2 = -6. Let j = l - 4. Suppose 40 = 5*k - j*k. What is the units digit of k?
8
Suppose -3*p + 360 = 96. Suppose 3*c = p + 14. What is the tens digit of c?
3
Let g = -94 - -195. What is the tens digit of g?
0
Suppose 3*x + 0*x = 18. Let m be ((-4)/x)/(1/(-6)). Let u = m + 5. What is the units digit of u?
9
Let m(z) be the first derivative of 4*z**2 - 5*z - 2. Let b be m(5). Suppose 0 = o + 5*l + 20, 2*o + o - 4*l = b. What is the units digit of o?
5
Suppose -h = 3*v + 2*h - 96, 0 = -3*h + 15. What is the tens digit of v?
2
Let a(s) = s**3 + 5*s**2 - 7*s + 10. What is the units digit of a(-6)?
6
Let u(b) = b**2 - 21*b + 46. What is the hundreds digit of u(25)?
1
Suppose -4*c = c - 390. Suppose -4*m - 2*h = -c, -4*h = 4*m - 17 - 67. What is the tens digit of m?
1
Let j be (-11)/(-3 + (0 - -2)). Suppose -2*h - j = -35. What is the tens digit of h?
1
Let j be (0 - -2)/(2/2). Let q = 23 - 23. Let s = j - q. What is the units digit of s?
2
Let j(y) = -y**3 - 29*y**2 - 30*y - 10. What is the tens digit of j(-28)?
4
Let b be (-18)/3*92/12. Let r = b - -70. What is the tens digit of r?
2
Let d = -5 + 11. What is the units digit of d?
6
Suppose v + 0 = -6. Let w = v - -20. What is the units digit of w?
4
Let y(u) be the third derivative of u**4/24 + u**3/3 - 2*u**2. What is the units digit of y(-1)?
1
Suppose 452 - 137 = 3*y. What is the units digit of y?
5
Let s(b) = -8*b**2 + 5*b + 3. Let k(z) = -7*z**2 + 5*z + 2. Let o(a) = -6*k(a) + 5*s(a). Let p be o(3). Suppose -3*j - 18 = -p*j. What is the units digit of j?
6
Suppose -4 = -2*n - 2*g + 4, 44 = 3*n - 5*g. Suppose n*u - 3*u = 0. Suppose -3*i + 1 + 41 = u. What is the tens digit of i?
1
Let n = 2 - 3. Let w = 0 - n. What is the units digit of w?
1
Let x(u) = -u**2 - 7*u + 3. Let o be x(-7). Suppose 10 - 1 = o*v. What is the units digit of v?
3
Suppose -o - 1 - 5 = 0. Let q(w) = -w**2 - 7*w - 6. Let l be q(o). Let h = 1 - l. What is the units digit of h?
1
Let p = -379 - -573. What is the hundreds digit of p?
1
Let n(m) = -m - 4. What is the units digit of n(-7)?
3
Let c = 11 + -8. Suppose -2 = -4*m + 2*m, r + 1 = c*m. What is the units digit of r?
2
What is the units digit of 48/84 - 402/(-7)?
8
Suppose -39 = 4*v - 5*v. What is the units digit of v?
9
Let h = -162 + 183. What is the units digit of h?
1
Suppose 34 = 5*l - 3*k, -5*l + 2*l - 3*k = -6. Let c be l + 2 + (0 - 1). Suppose -c*m + 8*m - 20 = 0. What is the units digit of m?
0
Suppose 0 = p - 41 + 5. What is the units digit of p?
6
Let w = 5 - 15. Let s = -12 - -7. Let f = s - w. What is the units digit of f?
5
Let u(c) = -c - 3. Let x(z) = -z - 3. Let k(w) = -5*u(w) + 4*x(w). Let s be k(0). Suppose 4*g - 4 - 16 = 2*y, -s*y = -g. What is the units digit of g?
6
Let x(n) = 6*n - 1. Let y be x(1). Suppose 4*f - 77 = -w, -y*f + 0*w - 2*w + 97 = 0. What is the units digit of f?
9
Let s(p) = p**2 - 31 + 2 + 5*p + p. What is the tens digit of s(-12)?
4
Let r be (-1)/((-3)/45*1). Suppose -z = -3*q + 60, 2*z - 85 = -4*q - r. What is the units digit of q?
9
Let j(l) = -l**3 + 10*l**2 - 6*l - 1. What is the units digit of j(-5)?
4
Let a be 0*1/(-3) + 4. Suppose -2*c + a = 0, -2*o = -5*o - 4*c + 50. Suppose o = n + n. What is the units digit of n?
7
Let y be (0 - (-5)/(-1))/1. Let i be ((-8)/(-10))/(1/5). Let t = i - y. What is the units digit of t?
9
Let d(p) = p**3 - 9*p**2 + 6. Let z be (-2)/3*189/(-14). What is the units digit of d(z)?
6
Let j(g) be the first derivative of g**3/3 + g**2/2 - 2*g - 5. Suppose f = -2*b - 3*b + 17, b = 3. What is the units digit of j(f)?
4
Let a(w) = -w**3 - 5*w**2 - 4*w. Let k be a(-4). Suppose k*l - 2*l = -4. What is the units digit of (2 + l + 4)/1?
8
Let o = 479 + -317. What is the hundreds digit of o?
1
Let p = 11 + -5. Let o be (p/4 - 2)*-10. Suppose 2*g = d - 11, -o*d = 3*g - 2 - 1. What is the units digit of d?
3
Let o = -185 - -320. What is the tens digit of o?
3
Let h be 84/8*2/(-3). Let z = h + 9. What is the units digit of z?
2
Suppose 42 = 5*x - 18. What is the tens digit of x?
1
Let f be -18*(26/(-4) - -2). Suppose 8*x - 5*x - f = 0. What is the tens digit of x?
2
Suppose 5*i - 5*u - 940 = 0, u + 300 = 2*i - 75. What is the units digit of i?
7
Let a = 91 - 54. Let l = -24 + a. Let v = l + -7. What is the units digit of v?
6
Let b = -3 + 26. What is the tens digit of b?
2
Suppose -4*q + 12 = 0, -q - 423 = -5*u + 9. What is the tens digit of u?
8
Let o(x) be the first derivative of 2*x**3/3 + 2*x**2 - 3*x + 1. Let u be o(-4). Suppose -l + 21 = -3*l + 5*q, 4*l + q = u. What is the units digit of l?
2
What is the hundreds digit of 9*(-1 - 148/(-12))?
1
Suppose 183 = -5*o - p, o + 2*p = -2*o - 107. What is the tens digit of (3 + -2)*-3 - o?
3
Let v be 2/(-7) + (-64)/(-28). Let c be v/(-11) - 96/(-44). Suppose -p - 2*p + 9 = 2*g, -2*p + 10 = c*g. What is the units digit of g?
6
Suppose 0 = -3*t + 17 + 13. What is the units digit of t?
0
Suppose -2*a + 68 = 16. What is the units digit of a?
6
Suppose 17 = -3*c + i, 2*c = 4*c + 2*i + 14. Let v = 10 + c. What is the units digit of 2*(v - 3) - -3?
5
Let q(g) = g + 13. Let b be q(-6). Suppose -54 = -m - 2*m. Let t = m - b. What is the tens digit of t?
1
Let z(y) = -y**2 - 9*y - 6. Let a be z(-8). Suppose 2*t - 22 = 4*v, a*t + 2*v = -2*t + 4. Suppose -8 = -t*x + 1. What is the units digit of x?
3
Let v(x) = x**2 + 8*x + 25. What is the units digit of v(-10)?
5
Suppose 2*j - 24 = 2*g, 0*j - 58 = -5*j + 4*g. Suppose 7*p = 2*p + j. Suppose -k + 2*k + 79 = 4*m, -p*k + 42 = 2*m. What is the units digit of m?
0
Let r(i) = -5*i - 1. Let o be r(-1). Let t = o - 4. Let f = t - -3. What is the units digit of f?
3
Let n(o) = 13*o + 8. What is the units digit of n(5)?
3
Let j(u) = u**3 - 3*u**2 + u - 2. Let r be j(4). Let d = 7 + -11. What is the units digit of d/(-3)*r/12?
2
Suppose 3*j - j + 5*x = -32, -4*j + 2*x - 16 = 0. Suppose -40 = 5*y - 5*t, -2*y - 7*t + 2*t = -19. What is the units digit of (1 - j/y) + 4?
3
Suppose 4*u + 0*u - 658 = -j, -4*j + 828 = 5*u. What is the tens digit of u?
6
Let k be (-6)/(3/(-9)*-2). Let x(j) = j + 13. Let t be x(k). Let c = 25 - t. What is the units digit of c?
1
Let j(u) = 9*u**2 + 2*u + 1. Let r be j(-1). Let k = r + -2. What is the units digit of k?
6
Let b(n) = n**3 + 17*n**2 + 14*n - 13. What is the tens digit of b(-16)?
1
Let v(i) = -3*i**2 + 4*i**3 + 2 - 2*i + 3*i**3 - 6*i**3. What is the units digit of v(4)?
0
Let k = 14 - 8. Let o = k - 1. What is the units digit of o?
5
Let b be (63/9)/(1/(-2)). Let j = -8 - b. What is the units digit of j?
6
Suppose -4*k + 78 = 5*c, 5*c = 5*k - k + 102. Suppose -m + 0 + c = 0. What is the tens digit of m?
1
Suppose 0*l + 18 = 6*l. Suppose 0 = -2*s + l*s - 43. What is the tens digit of s?
4
Suppose -2*i = -i - 6. What is the units digit of i?
6
Suppose 11*t = 19*t - 800. What is the tens digit of t?
0
Suppose 0 = b + 3*b - 84. Let v = -8 + b. What is the units digit of v?
3
Let m(v) = 3*v - 8. Let j be m(-6). Let b = j + 46. Suppose b - 1 = t. What is the tens digit of t?
1
Let d(r) = r**3 + 7*r**2 - 6*r - 15. What is the units digit of d(-6)?
7
Suppose -p - 1 + 8 = 0. Let s(j) = j + 0*j - 4 - 2. What is the units digit of s(p)?
1
Suppose -4*p + 3 = -5. Suppose -h + p*h = -5*n + 19, -4*n = -5*h + 66. What is the tens digit of h?
1
Let p = -43 + 345. What is the hundreds digit of p?
3
Let t = 8 - 2. Let a